- f - 4*d = 530, -2*f + 5*d = 179. Let v = 159 + f. List the prime factors of v.
3, 19
Suppose 0*w = 5*w. Suppose 2*d = -3*d + 40. Suppose w = -0*n - 2*n + d. What are the prime factors of n?
2
Let c(u) = 2*u**2 + 2*u + 1. Let z be c(3). Suppose -2*l = -g - z, -3*l + 4*g + 28 + 17 = 0. List the prime factors of l.
11
Let c(x) = x + 10. Let o be c(-6). Let n = o - -1. List the prime factors of n.
5
Let z = -3 - 6. Let y be (-33)/z + (-4)/6. Suppose 2*t - 40 = -y*t. What are the prime factors of t?
2
Suppose 27 = q - 3*a, q - a + 7 = 2*q. List the prime factors of q.
2, 3
Suppose -p + 2 = 0, p - 6*p = -s - 4. Let j be (-8)/(-2)*4/1. Let o = j - s. What are the prime factors of o?
2, 5
Suppose -2 - 4 = -2*a. Suppose m - a*m = -16. List the prime factors of m.
2
Let f(g) = 2*g**2 + 9*g - 5. Let x be f(-7). Suppose -h - x = h. Let t = h + 22. What are the prime factors of t?
7
Suppose 2 - 6 = -4*x. Let y = 2 + x. Suppose 0 = -y*g + 5*g + 3*r - 8, -25 = -5*g - 5*r. List the prime factors of g.
7
Suppose -z + 127 = -44. What are the prime factors of z?
3, 19
Let i(v) = -14*v**3 - 2*v - 1. Suppose 4*m + 6 = 2. List the prime factors of i(m).
3, 5
Let n = 3 - 0. List the prime factors of n.
3
Let s(r) = -r - 7. Let q be s(-9). Suppose -q = w - 15. List the prime factors of w.
13
What are the prime factors of 60 - (3/12*0)/(-1)?
2, 3, 5
Suppose 3*b = -5*k + 256, -3*b + k = -81 - 163. Suppose -3*a - b = -m - 3*m, -m = -5*a - 12. List the prime factors of m.
2, 11
Let b(w) be the third derivative of w**6/120 - w**5/12 + w**3 - 6*w**2. List the prime factors of b(5).
2, 3
Suppose 0 = 4*y + 2*p - 30, -y - 5*p + 9 + 3 = 0. What are the prime factors of y?
7
Suppose 4*c - 18 - 56 = -5*d, 1 = c. List the prime factors of d.
2, 7
Suppose 5*h + 0 - 15 = 0. Suppose 1 = 3*j - 4*p - h, -2 = -p. List the prime factors of j.
2
List the prime factors of (-177 + -2 + 4)/(-1).
5, 7
What are the prime factors of (-40)/25*105/(-6)?
2, 7
Let s = -7 - -7. Suppose s = -5*j - 10, -6*o - 4*j = -2*o. What are the prime factors of o?
2
Let h(i) = 7*i**2 + 14*i + 1. List the prime factors of h(-8).
337
Let d(v) = v - 5. Let o be d(7). Let f be ((-3)/9 + o)*3. Suppose 3*a + 32 = -r + f*r, 4*r = 4*a + 36. What are the prime factors of r?
5
Let l(z) = z**2 + 2*z + 1. Let u be l(-3). Suppose 2 = -u*i + 46. List the prime factors of i.
11
Let l = 9 - -25. Let k = -19 + l. What are the prime factors of (-94)/(-10) + 9/k?
2, 5
What are the prime factors of 12/(4/((-192)/(-9)))?
2
Let v(n) = 6*n**2 + 7*n - 1. Let x(r) = -5*r**2 - 6*r. Let m(o) = -4*v(o) - 5*x(o). List the prime factors of m(5).
3, 13
Let d be 6/((-6)/2) - -27. Let u(z) = 6*z**2 - 1. Let a be u(2). Suppose -a - d = -4*q. List the prime factors of q.
2, 3
Let z be 4/(-3)*3/2. What are the prime factors of 10*(-1)/z + 2?
7
Suppose -l = -5*p + 15, 0*p + 4*p = -3*l - 7. Suppose 3*k = -5*h - k + 48, -p*k = -h + 4. What are the prime factors of h?
2
Let s(i) = -i**3 + 8*i**2 - i + 10. Let j be s(8). Suppose j*g = 4*u - 30, -u = -3*g - 0*g. List the prime factors of u.
3
Let t be (-2)/4 - 2/4. Let r be (3 + -3)/(1*t). Suppose r = -5*k + 2*k + 36. List the prime factors of k.
2, 3
List the prime factors of 6/48 - (-6933)/24.
17
Let u(p) = -30*p. Let x be u(-3). Suppose 0 = -10*c + 5*c + x. List the prime factors of c.
2, 3
What are the prime factors of 24 - ((3 - 7) + 0)?
2, 7
Suppose 24 + 21 = -5*q. Let b = q + 14. List the prime factors of b.
5
Suppose 0 = 3*k - a - 8, 6*k - 3*k = -a + 4. Suppose 0 = 3*i + y - 6, 2*y + 10 = 5*i - k*y. What are the prime factors of i?
2
Suppose 5*b = 8*b. Suppose 5*x + t - 3 = b, 2*t - 5 = 1. Suppose x = 3*h - 8*h + 40. What are the prime factors of h?
2
Let f be 1 + (1 - 0 - 0). Let k(g) be the second derivative of 3*g**5/20 - g**4/4 - g**3/6 + g**2 - g. List the prime factors of k(f).
2, 3
Suppose 0 = 4*l - 5*q - 11, 3*l + q = 3 + 29. Let j = l - 4. List the prime factors of j.
5
Let n(d) = -5*d + 5. Let r be n(-7). Suppose 10 = 3*c + j, -j - r = -4*c + 3*j. Suppose -5*i + 5*s = 0, -4 - 4 = -c*i + s. What are the prime factors of i?
2
Let c = 42 - -14. Suppose 5*n - n = c. What are the prime factors of n?
2, 7
Let r = 1 + -1. Suppose r = o + 4*o - 60. What are the prime factors of o?
2, 3
Suppose 2*a - 2*q = 42, 5 = -9*q + 4*q. Suppose -3*k + 5*b - 15 = -3, -5*k - a = b. Let x = k + 8. List the prime factors of x.
2
Let d be (-27)/(-6)*2/3. Suppose d*r = -z - 12, -r + 21 = -3*r - 5*z. Let n = r - -9. List the prime factors of n.
2, 3
Let s(v) = v**3 + 9*v**2 + 4*v - 2. List the prime factors of s(-7).
2, 17
Let t be -6 - -5 - 2/1. Let z = t - -3. Suppose z = f - 5 - 1. List the prime factors of f.
2, 3
Suppose -22*b + 17*b = -145. Suppose 28 + 131 = 5*i + 2*u, -u - b = -i. List the prime factors of i.
31
Let m = 49 + -18. What are the prime factors of m?
31
Let y(n) = n - 6. Suppose 0*l + 2*l = 16. List the prime factors of y(l).
2
Let z(c) = 2*c + 30. What are the prime factors of z(0)?
2, 3, 5
Let t(h) = h**3 + 10*h**2 - 13*h - 1. Let n be t(-11). Let m = n - 15. List the prime factors of m.
2, 3
Let l be (-6)/(-9) + 12/9. Let c be ((-12)/(-15))/(l/10). Suppose -c*k + 4 = -12. List the prime factors of k.
2
Let o(b) be the second derivative of -b**8/6720 - b**7/630 - b**6/180 - b**4/6 - b. Let s(n) be the third derivative of o(n). List the prime factors of s(-4).
2
Let j be (-4 + 2 - -1)*-29. Suppose -4*q = 5*f - 5*q - 35, -q + j = 3*f. List the prime factors of f.
2
Let c = -3 + 1. Let u be (13/c)/(2/4). Let i = u + 21. What are the prime factors of i?
2
Suppose 176 = -2*u - 2*u. Let b = -24 - u. What are the prime factors of b?
2, 5
Let h(a) be the first derivative of -a**2/2 + 11*a - 2. Let y be h(8). What are the prime factors of (2 - y)*(-10 - 1)?
11
Let f be 27 - -1 - 2/2. Suppose -2*t - t = -f. List the prime factors of t.
3
Let z = 4 + -4. Let p(n) = -6*n**2 + 1 + n**3 + 3*n + z*n**2 - 2*n. List the prime factors of p(6).
7
Suppose 413 = 3*u - l, 3*l - 393 = 3*u - 6*u. Suppose u - 11 = 5*w. List the prime factors of w.
5
Let j(r) be the third derivative of -r**2 + 0 + 0*r + 7/3*r**3 - 1/24*r**4. List the prime factors of j(0).
2, 7
Suppose 3*n - 4*y + 19 = -2*y, 5*y = -4*n - 56. Let w(i) = i**2 - 5*i - 4. Let o be w(6). Let z = o - n. What are the prime factors of z?
11
Suppose 4 = 3*i - 2. Suppose i*g - 87 = -g. What are the prime factors of g?
29
Let z(r) = -r**2 + 10*r + 6. List the prime factors of z(9).
3, 5
What are the prime factors of (1034/33)/(8/3 + -2)?
47
Let y = -4 - 6. Let t be ((-36)/30)/(4/y). Suppose -3 = 2*o - t*o. What are the prime factors of o?
3
Let t(s) = 1. Let p(o) = o**3 + 10*o**2 + 5*o + 11. Let l(h) = p(h) - t(h). List the prime factors of l(-9).
2, 23
Let t(m) = 3*m**2 - 34*m - 7. List the prime factors of t(12).
17
Let g = 5 - 5. Suppose 2*n - 88 = -3*f + 3*n, 5*f - 2*n - 145 = g. Suppose 4*x = f + 1. What are the prime factors of x?
2
Let u = 51 + -35. Let h = u - 5. What are the prime factors of h?
11
Let y(o) be the third derivative of -o**4/24 - o**3 - 2*o**2. Let u be y(-6). Suppose u = 4*q - 2 - 6. What are the prime factors of q?
2
List the prime factors of (4 - -9) + (-4)/2.
11
Let q(j) = -6*j + 6. Let u be q(-7). Suppose g = -3*g + u. What are the prime factors of g?
2, 3
Suppose -4*a + 162 = -5*t, 5*t - 2*a = a - 159. List the prime factors of (t/(-3 - -2))/2.
3, 5
Suppose 4*t - 312 - 845 = 3*y, -4*y = 5*t - 1423. List the prime factors of t.
7, 41
Let x(i) = -i + 17. Let o be x(12). Suppose -o*z + 3*r + 76 = -r, -5*z + 56 = r. List the prime factors of z.
2, 3
Let z(b) = b**3 - 19*b**2 - 12*b + 61. List the prime factors of z(20).
13, 17
Suppose 0*n - n + 23 = 4*d, n + 7 = 2*d. Let v = d + -2. Suppose -v = u - 11. What are the prime factors of u?
2
Suppose -5*i = 20, -7*m - 8 = -3*m - 2*i. Let f be m/(-10) - 18/(-5). Suppose -v + 4*x = -5*v + 36, 2*x = f*v - 24. What are the prime factors of v?
7
Let a(l) = -l**3 + 13*l**2 - 13*l + 10. Let y be a(12). Let s be (y/4)/((-2)/12). Suppose o = -s*o + 20. What are the prime factors of o?
5
Let o(z) = 4*z - 30. What are the prime factors of o(9)?
2, 3
Let n(t) = -t**2 - 10*t - 7. Let w be n(-9). Suppose 0*h - w*h + 18 = 0. List the prime factors of h.
3
Let n(j) = -3*j - 6. List the prime factor